t) = -3*w(t) + 13*y(t). Determine f(4).
-78
Let n(w) = w**2 - 2*w - 1. Suppose 0 = 18*o - 14*o + 28. Let c be (2/o)/(1/(-7)). Suppose -6*u = -c*u - 12. Calculate n(u).
2
Let u = -27 - -39. Suppose 5*h + 3*w - 173 = 0, w = -2*w - u. Suppose -32*z - 5 = -h*z. Let a(f) = 15*f. Calculate a(z).
15
Let w(f) = 29*f + 10*f + 4035 - 3884. Determine w(-4).
-5
Let c(u) be the first derivative of -6*u**2 + 67*u + 8193. Calculate c(20).
-173
Let h(t) = -177*t**2 + 25*t + 50. Let l(o) = 501*o**2 - 76*o - 146. Let x(i) = 17*h(i) + 6*l(i). Give x(-10).
-16
Suppose -12 = -0*t - 6*t. Suppose 3*l - 7 = 5*g, -2*l = t*g - 6*l. Let k(p) be the first derivative of 5*p**2/2 - p + 12. Calculate k(g).
-11
Let p(l) = 8*l**2 - l - 13. Let d = -48624 + 48626. Give p(d).
17
Let b(d) be the second derivative of -5*d**3/6 - d**2/2 + 590*d. Give b(-4).
19
Let l be 2/(4/(6/(-3))). Let u be -2*(-1)/(l - 0). Let o(g) be the first derivative of g**4/4 - g**3 - 2*g**2 - 2*g + 2915. What is o(u)?
-14
Let u(f) = 2*f**3 + 2*f**2 - 7*f. Let z(m) = -23*m**3 - 51*m**2 + 77*m + 1. Let v(c) = -22*u(c) - 2*z(c). What is v(-29)?
-2
Let m(x) be the third derivative of -x**4/2 - 10*x**3/3 - x**2 - 895. What is m(-4)?
28
Let c = 3119 - 3122. Let v(d) = -8*d + 7. Let p(b) = -b + 1. Let f(j) = 14*p(j) - 2*v(j). What is f(c)?
-6
Let l = -11 - -8. Let j(v) be the first derivative of v**4/4 + 4*v**3/3 + v**2/2 - 3*v + 1578. Determine j(l).
3
Let h(m) = 37*m + 68 - 221 - 27*m. What is h(15)?
-3
Suppose 5*h - 2 = 4*h. Let x(l) = 4*l - 2 + 0 + l**h + 5. Let i(y) = -9*y**3 + 364*y**2 - 160*y - 5. Let k be i(40). Calculate x(k).
8
Let v = 154 - 150. Let n(o) = v + o**2 + 61*o - 68*o - 2. Calculate n(7).
2
Let o(h) be the third derivative of 6*h**2 + 1/6*h**3 + 0*h + 1/24*h**4 + 1 - 1/60*h**5. Give o(0).
1
Let w = -36 + 41. Suppose 3*k = 4*h + 3 + 77, w*h = 5. Let i = k + -23. Let j(p) = -p**2 + 4*p + 5. Calculate j(i).
0
Let p(u) = u**3 + u**2 + 1. Let k be p(0). Let a(l) = 2*l**3 - 58*l - 4 - 29*l**3 + 95*l - 16*l**3 + 5 - 39*l. Calculate a(k).
-44
Let u(b) = -116522*b + 49 - 116530*b + 233059*b. Determine u(-8).
-7
Let r(p) = 4*p + 69. Let u = 2388 - 2404. What is r(u)?
5
Let b be 4 + 1 + -3 - -7. Let a(x) = -x**3 + 9*x**2 + 9*x - 97. Determine a(b).
-16
Let v = -196 + 195. Let d(x) = -x + 30*x**2 - 26 + 26. Give d(v).
31
Let s(m) = -10*m + 30. Suppose 0*y + 93 = 11*d - 4*y, d = 2*y - 3. Calculate s(d).
-80
Let s be ((-25)/10 - -3 - 0)*-8. Let d(m) = 0 - 1 + 0*m - 1 - m. Calculate d(s).
2
Let f(o) = 2*o - 2. Let t(l) = -3 - 12*l**2 - 15*l**2 - 2*l**2 - 1 + 33*l**2 + 27*l. Let v be t(-7). Determine f(v).
4
Let u(p) = -p**3 + 10*p**2 + 7*p + 7. Suppose -26*d - 5*m + 16 = -25*d, 3*m = 3. Calculate u(d).
-37
Let w(i) = -i**2 - 5*i - 1. Let k be w(-3). Let t be 8/(-2)*(1 - 10/4). Let o(h) = -t - 124*h**2 + h**3 + 237*h**2 - 117*h**2 - 3*h. What is o(k)?
4
Let z(l) be the third derivative of -41*l**4/24 - 119*l**3/6 + 3431*l**2. What is z(-3)?
4
Let m(s) = -s**3 - 402*s - 3 + 402*s. Let p be m(0). Let w be -1*(1/(-3))/(1/p). Let d(g) = -13*g**2. Determine d(w).
-13
Let j(t) = 3*t**3 - 2*t**2 + 2*t + 3. Let y be ((-140)/25)/(-14) + (-60)/25. Determine j(y).
-33
Let k(c) = 4*c - 62. Let i be k(11). Let d = i + 20. Let o(l) = 6*l**3 - 3*l**2 + 4*l - 2. Determine o(d).
42
Let z = 102 - 108. Let i be (-119)/14 + 2/(-4). Let g = i - z. Let b(n) = -n - 1. Calculate b(g).
2
Let u(o) = -5*o**3 - 8*o**2 - 10*o - 1. Let v(h) = 4*h**3 + 7*h**2 + 9*h + 1. Let x(q) = 5*u(q) + 6*v(q). Let i = -62932 + 62935. What is x(i)?
4
Let q(n) be the first derivative of 5*n**2/2 - 20*n - 1561. What is q(17)?
65
Suppose -j = -5*j + 3*v + 14, j + 3*v - 11 = 0. Let g be 1/2*(j + -19). Let s(m) be the second derivative of -m**3/3 - 4*m**2 - 12*m. What is s(g)?
6
Let q(c) be the second derivative of c**7/840 - 7*c**6/360 - c**5/30 - c**4/3 + 56*c**3/3 + 13*c. Let n(a) be the second derivative of q(a). Determine n(8).
24
Suppose -2*n + 33 = 5*p, n + 16 = 3*p + 5. Let j(i) = -i**3 + 3*i**2 + 10*i + 5. What is j(p)?
5
Let m(r) = r**3 + 17*r**2 + 9*r - 109. Let k be m(-16). Let f be -4 + -2 + (3 - k) + -2. Let a(c) = 3*c + 12. What is a(f)?
-12
Let b(x) = x**2 - 43*x + 279. Let v = -11115 - -11150. Give b(v).
-1
Let b(j) be the first derivative of -j**3 + 4*j**2 + 5*j + 175. Let k(z) = -10*z**2 + 25*z + 15. Let s(a) = -7*b(a) + 2*k(a). Determine s(4).
-13
Let v(a) = -304510*a**2 + 13*a + 304511*a**2 - 287 - 67*a. Determine v(59).
8
Suppose 4*k + 9 + 55 = -4*i, 3*i - 28 = k. Let n(s) = 6*s + 126. What is n(k)?
12
Let t be 4/6*6*20/40. Let x = 13 + -11. Let h(r) = 3*r + x*r**3 - 4 - 92*r**t - r**3 + 95*r**2. Give h(-3).
-13
Let m = -81 + 85. Suppose 9 = -4*a + o - 4, -3*o = m*a + 25. Let g(z) be the second derivative of -z**4/12 - 2*z**3/3 + 2*z**2 + 2*z. Calculate g(a).
4
Let m be (-2)/(-6) + 4/(-12) + -1. Let a(q) = -q - 2. Let l(z) = 7*z + 15. Let s(y) = m*l(y) - 6*a(y). Give s(4).
-7
Let r(m) = -24*m + 741. Let q be ((-4)/38)/((-40)/1520)*31/4. Calculate r(q).
-3
Suppose 2*y - 4*c = -5 + 3, 0 = -5*c - 10. Suppose 1453*a - 20 = 1448*a. Let n(j) = 199 - a*j - 397 - j**3 + 3*j**2 + 196 + 2*j**3. Calculate n(y).
-32
Let d = 4854 - 4861. Let g(y) = -2*y**3 - 14*y**2 - y + 5. Give g(d).
12
Let j(l) = -l**3 + 17*l**2 - 17*l + 8. Suppose 406 = -3*r + 454. Calculate j(r).
-8
Let q be -5*(-4 - -3)/1. Let i(x) = -x - 10. Let k be i(-15). Let o(n) = n**3 - k*n - 6*n - 1 + 5*n + q*n**2. What is o(-6)?
-1
Let f be (-603)/24 - 2/(-16). Let b = f + 60. Let l = 33 - b. Let z(c) = -c**2 - 3*c - 1. What is z(l)?
1
Let p(n) = n**3 + 9*n**2 + 6. Let x = 1265 + -623. Let u = x - 651. What is p(u)?
6
Suppose 3*p - 4*o = -3, p - 27 = -3*p - 5*o. Suppose 7*g - 9*g - 4*w + 10 = 0, -2*g = -p*w + 25. Let c(l) = -l**3 - 6*l**2 - 2*l + 16. Determine c(g).
1
Let y = -216 + 218. Let f(w) = 4*w**2 + 9 - 11 + 0*w**3 - 2*w**2 - 2*w**3 + 2*w. What is f(y)?
-6
Let k(b) be the third derivative of -b**4/12 + b**3 + b**2. Suppose 5*s = 3*r + 89, 6*r - 4*r + s + 55 = 0. Let f be r/(-8) + 0 + 2/4. Determine k(f).
-2
Let d(a) be the third derivative of 0 - 1/6*a**4 + 115*a**2 - 2/3*a**3 - 2*a. Let t(s) = 2*s + 6. Let q be t(-5). Give d(q).
12
Let p(m) = -m - 6*m**2 - 1033 - 1035 + 3103 + m**3 - 1036. Let h = -14 + 20. Give p(h).
-7
Suppose -8*x + 5 = -27. Let u(w) = -10*w**3 + x*w + w**3 - w**2 - 3 + 2 + 8*w**3. What is u(-3)?
5
Let w(p) = -3*p**2 + 65*p - 343. Let h be w(9). Let f(q) = -13*q**3 - 1. Give f(h).
12
Let k(s) be the first derivative of s**4/4 - 2*s**3/3 + s**2 - 7*s + 427. Determine k(3).
8
Let m(p) be the second derivative of -p**3/2 + 6*p**2 - 132*p - 16. Determine m(24).
-60
Let b(j) be the second derivative of 5*j**3/6 - 13*j**2/2 - 3*j + 424. What is b(4)?
7
Let a(x) be the first derivative of 5*x**4/24 - x**3/3 + 2*x**2 + x - 48. Let l(d) be the second derivative of a(d). Calculate l(2).
8
Let d(u) = 3*u + 1. Suppose -5*m + 6*b - 247 = 2*b, -2*b = -3*m - 147. Let s = -45 - m. Suppose 0 = -2*z - s*q - 12, 2*z = -0*z - 4*q - 20. Give d(z).
-5
Let h(n) = -11*n - 66. Let x be h(-6). Suppose -4*m + 3*f - 9 = x, 6*m - m + 15 = 5*f. Let d(v) = v**2 - v + 8. Determine d(m).
8
Let s(y) = y - 16. Let c be s(-9). Let k = 48 + c. Let p(n) = 39*n - k*n - 1 - 18*n. Calculate p(1).
-3
Let a(d) = 32*d + 2. Let u(k) = -7*k. Let z(i) = -a(i) - 5*u(i). What is z(3)?
7
Let r(o) be the first derivative of 2*o**2 + 84 - 2*o**3 - 1/4*o**4 - 24*o. Give r(-7).
-3
Let d(s) be the first derivative of -s**3/3 + 2*s**2 + 59*s - 2373. Give d(-6).
-1
Let d(t) = 5*t**2 + 29*t**3 + 6 - 44*t**3 + 14*t**3. Let c = -365 - -370. Give d(c).
6
Let c be 7/350*5 - 37*21/70. Let y(d) = 2*d**3 + 22*d**2 - 6*d - 6. Determine y(c).
60
Let y be ((-4)/24)/((-13)/7878). Let q = y + -103. Let f(x) = -x - 1. Calculate f(q).
1
Let v(i) be the first derivative of 3*i**2/2 + 5*i + 14. Suppose -1152*k = -1147*k - 45. Determine v(k).
32
Suppose -63 = -73*n + 70*n + 4*i, -2*i = 0. Let j(z) = z**3 - 22*z**2 + 21*z - 16. What is j(n)?
-16
Let f(t) = 8*t + 307. Suppose 0 = 4*n + 20, -2*y - 18 - 69 = 3*n. Determine f(y).
19
Suppose 4 = 2*s - 2. Let g(r) = r - 5*r - 9*r**s + 1 + r**2 + 5*r. Suppose 0 = 2*l + 4*p + 26, 4*l - 54*p + 16 = -56*p. Determine g(l).
10
Let l = -4 - -2. Let r(o) = 4*o + 7. Let d(a) = 3*a + 4.